 tens digit of 738088664?
6
What is the ten millions digit of 64272771?
6
What is the hundreds digit of 38294440?
4
What is the hundred millions digit of 5748562898?
7
What is the ten millions digit of 445760240?
4
What is the ten thousands digit of 3431422727?
2
What is the hundred thousands digit of 78738251?
7
What is the hundred thousands digit of 42220981?
2
What is the millions digit of 73362176?
3
What is the hundred millions digit of 778171354?
7
What is the hundred thousands digit of 4071265862?
2
What is the units digit of 278881939?
9
What is the hundred millions digit of 186845496?
1
What is the ten thousands digit of 622304093?
0
What is the ten thousands digit of 672934648?
3
What is the ten thousands digit of 42633608?
3
What is the thousands digit of 39525992?
5
What is the units digit of 532293562?
2
What is the millions digit of 64777019?
4
What is the hundred millions digit of 337404607?
3
What is the units digit of 220801223?
3
What is the hundred thousands digit of 133193467?
1
What is the units digit of 50337532?
2
What is the ten millions digit of 54760806?
5
What is the units digit of 22915834?
4
What is the hundreds digit of 83400792?
7
What is the millions digit of 415014390?
5
What is the millions digit of 1098792731?
8
What is the tens digit of 63153803?
0
What is the ten millions digit of 5728736547?
2
What is the tens digit of 26766585?
8
What is the units digit of 24589971?
1
What is the tens digit of 47008861?
6
What is the thousands digit of 128426243?
6
What is the hundred millions digit of 159199246?
1
What is the hundred thousands digit of 65619905?
6
What is the units digit of 975229360?
0
What is the units digit of 2476370111?
1
What is the units digit of 8363423?
3
What is the ten thousands digit of 146120693?
2
What is the ten thousands digit of 209130981?
3
What is the thousands digit of 902699486?
9
What is the ten millions digit of 244350478?
4
What is the ten thousands digit of 73630026?
3
What is the hundred thousands digit of 32395328?
3
What is the hundred thousands digit of 250601263?
6
What is the hundred thousands digit of 73648706?
6
What is the units digit of 403346071?
1
What is the ten millions digit of 115210101?
1
What is the units digit of 658350175?
5
What is the units digit of 330973376?
6
What is the ten thousands digit of 129136201?
3
What is the thousands digit of 4222310121?
0
What is the hundreds digit of 7806961241?
2
What is the hundred millions digit of 9502880296?
5
What is the tens digit of 16758105?
0
What is the ten millions digit of 50455969?
5
What is the tens digit of 2932403387?
8
What is the hundreds digit of 1006847349?
3
What is the tens digit of 37209244?
4
What is the units digit of 579547228?
8
What is the hundred thousands digit of 336874331?
8
What is the hundreds digit of 701595868?
8
What is the ten thousands digit of 6532813666?
1
What is the ten thousands digit of 284259298?
5
What is the units digit of 52464356?
6
What is the hundreds digit of 143242613?
6
What is the thousands digit of 863284840?
4
What is the units digit of 942577425?
5
What is the hundred millions digit of 189262147?
1
What is the units digit of 95790253?
3
What is the thousands digit of 127237393?
7
What is the thousands digit of 64768612?
8
What is the hundred thousands digit of 62812406?
8
What is the ten millions digit of 1279086922?
7
What is the hundred thousands digit of 244965279?
9
What is the hundred thousands digit of 181546214?
5
What is the millions digit of 343501548?
3
What is the units digit of 46193221?
1
What is the millions digit of 1719404276?
9
What is the thousands digit of 1304134606?
4
What is the ten millions digit of 70481300?
7
What is the millions digit of 240452134?
0
What is the ten thousands digit of 448449849?
4
What is the ten thousands digit of 48415662?
1
What is the units digit of 408787478?
8
What is the hundred millions digit of 946950054?
9
What is the hundred thousands digit of 1954385896?
3
What is the thousands digit of 62168977?
8
What is the tens digit of 38264928?
2
What is the ten thousands digit of 56027897?
2
What is the tens digit of 560813476?
7
What is the billions digit of 3534958071?
3
What is the tens digit of 18244178?
7
What is the hundred millions digit of 2112193243?
1
What is the thousands digit of 127054825?
4
What is the millions digit of 33019596?
3
What is the thousands digit of 936486346?
6
What is the millions digit of 90850151?
0
What is the ten thousands digit of 43520187?
2
What is the units digit of 466792320?
0
What is the hundred thousands digit of 918466240?
4
What is the units digit of 1275155472?
2
What is the units digit of 309279811?
1
What is the units digit of 903987520?
0
What is the hundred thousands digit of 697770433?
7
What is the millions digit of 2023938639?
3
What is the units digit of 175405407?
7
What is the hundreds digit of 4022795634?
6
What is the hundreds digit of 214353967?
9
What is the tens digit of 93187018?
1
What is the tens digit of 5909654055?
5
What is the thousands digit of 66780537?
0
What is the millions digit of 27026729?
7
What is the units digit of 24669512?
2
What is the ten thousands digit of 2284340436?
4
What is the units digit of 770040342?
2
What is the ten millions digit of 34363671?
3
What is the units digit of 581585725?
5
What is the tens digit of 53749413?
1
What is the ten millions digit of 42636975?
4
What is the thousands digit of 46980319?
0
What is the units digit of 38185875?
5
What is the thousands digit of 142987534?
7
What is the thousands digit of 386697109?
7
What is the thousands digit of 3636572615?
2
What is the millions digit of 332429235?
2
What is the units digit of 181143673?
3
What is the millions digit of 219720611?
9
What is the ten thousands digit of 355394925?
9
What is the hundreds digit of 227405186?
1
What is the units digit of 47845864?
4
What is the ten millions digit of 5486670311?
8
What is the hundreds digit of 30509907?
9
What is the units digit of 68879582?
2
What is the thousands digit of 1700098569?
8
What is the units digit of 870808370?
0
What is the hundred thousands digit of 398889501?
8
What is the ten millions digit of 81826825?
8
What is the thousands digit of 92399817?
9
What is the ten millions digit of 216058408?
1
What is the ten millions digit of 889433152?
8
What is the thousands digit of 1716551?
6
What is the tens digit of 4219158751?
5
What is the billions digit of 2359294444?
2
What is the tens digit of 170458757?
5
What is the hundred thousands digit of 4535868613?
8
What is the millions digit of 27759812?
7
What is the ten millions digit of 275494415?
7
What is the hundreds digit of 906541558?
5
What is the units digit of 71622836?
6
What is the thousands digit of 638275317?
5
What is the tens digit of 85803619?
1
What is the thousands digit of 660671309?
1
What is the thousands digit of 71641217?
1
What is the ten thousands digit of 18464647?
6
What is the billions digit of 1579678883?
1
What is the units digit of 41898458?
8
What is the ten thousands digit of 244811723?
1
What is the tens digit of 41405206?
0
What is the units digit of 78900407?
7
What is the tens digit of 941266200?
0
What is the ten millions digit of 51062778?
5
What is the ten millions digit of 139694859?
3
What is the hundred millions digit of 423905282?
4
What is the hundred millions digit of 691202406?
6
What is the thousands digit of 2868085873?
5
What is the tens digit of 13930154?
5
What is the millions digit of 163867136?
3
What is the hundred millions digit of 306051724?
3
What is the hundreds digit of 69532468?
4
What is the ten thousands digit of 54164292?
6
What is the hundred thousands digit of 377137415?
1
What is the thousands digit of 4115762?
5
What is the ten thousands digit of 5460218629?
1
What is the thousands digit of 36949577?
9
What is the tens digit of 78978261?
6
What is the tens digit of 133725190?
9
What is the thousands digit of 1389362765?
2
What is the ten millions digit of 20529770?
2
What is the hundreds digit of 2331735605?
6
What is the millions digit of 87861625?
7
What is the hundred thousands digit of 1762907869?
9
What is the tens digit of 74880601?
0
What is the hundred thousands digit of 206819738?
8
W